5*d - k - 99 = 0. What is the greatest common factor of 50 and d?
10
Let x be -2*(-10)/4 - (0 - 4). Calculate the greatest common divisor of 1 and x.
1
Suppose 12900*p - 12911*p = -308. Suppose -508 = -2*l + 4*x, 3*x + 737 = 5*l - 526. What is the highest common factor of l and p?
28
Suppose -28*n - 2979 + 7459 = 0. Calculate the highest common divisor of n and 100.
20
Let w be ((-110)/20)/((-6)/(-4) + -2). Calculate the highest common divisor of 2002 and w.
11
Suppose -2*u + 0*u = 0. Suppose u*m = -3*m + 6. Suppose 0 = 3*v + 15, -t - v = -m*v - 53. Calculate the greatest common factor of t and 16.
16
Let g(k) = -k**2 - 19*k - 20. Let r be g(-17). Suppose 4*l = 5*h - 6, -2*h - 2*l - 8 = -7*h. Calculate the highest common divisor of r and h.
2
Suppose -5*y + 6*y = 72. Suppose 5*d - 104 = 81. Let x = y - d. What is the highest common factor of x and 7?
7
Suppose -31*z + 29*z = -5*m - 12, 30 = 5*z - 4*m. What is the greatest common divisor of z and 354?
6
Let x be (3 - -1)/1 + 0. Let m be 0/(-4 - (x + -6)). Suppose -2*b + 0*b + 144 = m. Calculate the highest common divisor of b and 18.
18
Let j(u) = 2*u + 65. Let d be j(-31). Let l be d + 218 + 3 + 0/8. Calculate the highest common factor of 32 and l.
32
Let m be -3 - 94/(-2)*4/(-4). Let b be -1 - m - 0/(-3). What is the highest common divisor of b and 7?
7
Let m(z) = -6*z - z**2 - 6 + 5 + 5. Let p be m(-5). Suppose -4*l - h = -68, -4*l - 5*h + 27 = -25. Calculate the greatest common divisor of l and p.
9
Suppose 49 = 4*v - 51. Calculate the greatest common divisor of v and 25.
25
Suppose 269 = -o + 5*a, -a - 403 = 4*o + 652. Let q be o/(-4)*(-28)/(-6). Let f(m) = 16*m - 36. Let t be f(4). Calculate the highest common factor of q and t.
28
Suppose -h - 4*t = -691, 55*h - 3347 = 50*h + 7*t. What is the highest common divisor of h and 108?
27
Let t(z) = 33*z**2 - 2*z + 1. Let i be t(1). Let a be (-17 - -1)*10/(-10). What is the greatest common divisor of i and a?
16
Let a be 9/(-4)*-138*(-1 - -5). What is the greatest common factor of a and 46?
46
Let d be -8*-4*1/(-4). Let x be (21/(-2))/(75/d + 9). Let z be 42/(6/(-4)*-1). What is the greatest common divisor of z and x?
28
Let h be 12 - (1 - -6) - -70. Calculate the highest common factor of h and 30.
15
Let v = -88 - -93. Suppose 780 = 4*n + n. Suppose 44 + n = 5*w. Calculate the highest common factor of w and v.
5
Suppose -s = f - 3*f + 128, 4*s = -3*f + 192. Suppose 5*a - 15 = -5*j, -3*j + j - 4*a - 4 = 0. Calculate the greatest common divisor of j and f.
8
Let w be (126/8)/(3/24). Let y(o) = -39*o + 291. Let a be y(7). Calculate the greatest common factor of a and w.
18
Let q(r) = -r**3 + 15*r**2 - 5*r. Let x be (1/(-3))/((-4)/132). Let a be q(x). What is the greatest common divisor of 39 and a?
39
Let l = 3 - -4. Let i be -2 + (-104)/(-40) - 344/(-10). Calculate the highest common divisor of i and l.
7
Let x(k) = -k**3 - 7*k**2 - 6*k + 8. Let j be 4/(3 - 1) - 1. Let w = j + -7. Let n be x(w). What is the highest common divisor of 4 and n?
4
Let q be (28/6)/((-5)/(-15)*1). What is the greatest common factor of q and 70?
14
Let n = 372 - 332. Calculate the greatest common divisor of 30 and n.
10
Let b(x) = 2*x**2 - 40*x - 14. Let f be b(21). Let i(m) = -20*m + 4. Let v be i(-4). Let r = v + -56. What is the highest common divisor of f and r?
28
Let r be (-5)/((-60)/56)*36/21. Let q(s) = 4 - 89*s - 3 - 2. Let p be q(-1). Calculate the highest common divisor of r and p.
8
Suppose -5*b = -2*n + 5*n - 6958, -6978 = -5*b + 2*n. What is the greatest common factor of 82 and b?
82
Let u(z) = z + 2. Let t be u(9). Suppose -6*r + 13 = -t. Calculate the highest common divisor of 2 and r.
2
Let o be (-9)/27 + 13/3. Suppose -3*q + o*q = 6. What is the greatest common divisor of q and 12?
6
Let i be (-3)/12 + -767*(-1)/(-4). Let a = -313 - -181. Let j = a - i. What is the highest common divisor of 12 and j?
12
Let d be 20/(-15)*126/(-8). Calculate the highest common factor of d and 609.
21
Let x(n) = -n**3 + 24*n**2 + 31*n - 49. Let h be x(25). Calculate the greatest common divisor of h and 505.
101
Suppose 5*s - 60 = s. Let o(d) = 11*d - 35. Let f be o(s). Calculate the highest common factor of f and 10.
10
Let j = 335 + -318. Calculate the greatest common factor of 11 and j.
1
Suppose 0 = -o - 16 - 14. Let u be (3 + 13)/((-4)/(-10)). Let x be o/u - (-14)/8. Calculate the greatest common divisor of x and 1.
1
Suppose -3*x + 31*x - 3136 = 0. What is the greatest common factor of 84 and x?
28
Let k(w) = 7 - 2*w**2 + 3*w**2 + 0*w**2 - 5*w. Let b be k(7). Suppose -22*c + 24*c + 410 = 4*u, -4*c + 20 = 0. Calculate the greatest common divisor of b and u.
21
Let d = 16 - 4. Let k(i) = -i**3 + 14*i**2 - 27*i - 30. Let j be k(9). Calculate the highest common divisor of j and d.
12
Let i(a) = -2*a**2 + 10*a - 1. Let b be i(4). Suppose -o = -b*o + 672. What is the highest common factor of o and 28?
28
Let z(g) = 5*g - 31. Let i be z(8). Let x be -4 - (3 - i) - (1 + -19). Calculate the highest common divisor of x and 5.
5
Let z = 98 - 49. Suppose 4*i = -2*c - c - 64, 5*i = -2*c - 38. Let n = c + 31. What is the highest common divisor of n and z?
7
Let t(v) = 171*v**3 + v - 1. Suppose -k = 1 - 2. Let b be t(k). Calculate the greatest common factor of b and 19.
19
Let i = 186 + -130. Let a(h) = h**2 - 52*h + 107. Let y be a(50). What is the greatest common factor of i and y?
7
Let v(y) be the first derivative of y**3/3 + 7*y**2/2 + 13*y + 3. Let q be v(-3). Suppose 2 = 5*r - 38. Calculate the highest common divisor of r and q.
1
Let d(y) = y**3 - 6*y**2 - 13*y - 17. Let r be d(8). Suppose 5*u - 107 + r = 0. Calculate the greatest common divisor of u and 5.
5
Suppose 16*n - 13*n = 6. Suppose 0 = 5*y + k - 43 - 34, 3*k = -n*y + 36. Calculate the highest common factor of y and 9.
3
Suppose 1 = -2*g + 1. Suppose -2*w + 40 = 4*b, g*b - 5*b - 4*w = -44. Calculate the greatest common divisor of b and 108.
12
Let n = -172 - -203. Calculate the highest common divisor of 217 and n.
31
Suppose 13*r + 7*r = 140. Calculate the greatest common factor of 4 and r.
1
Let i(o) = -3*o**2 + o + 86. Let r be i(0). What is the greatest common divisor of 4214 and r?
86
Let l(k) = 4*k**2 + 4*k - 8. Let j be l(8). Let h(o) = o**3 + 48*o**2 + 140*o + 260. Let i be h(-45). What is the greatest common divisor of j and i?
35
Let o = 2115 + -2071. What is the highest common factor of 3652 and o?
44
Let m(a) = a**3 - 5*a**2 - 5*a. Let k be m(6). Suppose k*y + 90 - 750 = 0. Calculate the highest common divisor of 11 and y.
11
Suppose -48 = -v + 2. Let h(u) = -3*u + 38. Let z be h(6). Calculate the greatest common divisor of z and v.
10
Let b(h) = 3*h**2 + 44*h - 295. Let c be b(23). Calculate the greatest common divisor of c and 18.
18
Suppose -648 = -6*c + 4*c. Let k be 14/(-49) - c/(-7). Suppose 3*a - k = -p, 1 = -4*p - 19. What is the highest common divisor of 68 and a?
17
Let y be 30/20 + (-2)/(-4). Suppose y*f - 1344 = -14*f. Calculate the greatest common divisor of 63 and f.
21
Suppose -3*k + 9 + 6 = 0. Let o = 340 - 163. Suppose k*r = 183 + o. Calculate the highest common factor of r and 18.
18
Let l be 294 - (-5 - -6 - 16/4). What is the greatest common factor of l and 33?
33
Suppose -1456 = r - 15*r. Let l be (26/(-4))/(2/(-4)). What is the highest common divisor of r and l?
13
Let b be (-45)/2*(-168)/9. What is the highest common factor of b and 42?
42
Suppose -6*g = -4*g + 12. Let q be ((-20)/g)/(10/60). Suppose 5*n - 780 = -5*t, 0 = -3*n + n + 3*t + 332. Calculate the greatest common divisor of n and q.
20
Let t(b) = -b**2 + 9*b - 19. Let p be t(8). Let k(v) = -v**2 - 15*v - 4. Let n be k(p). What is the highest common divisor of n and 360?
40
Let s(z) = 8*z**3 + 9*z**3 - 2*z**2 + z + 14 + 12 - 31. Let m be s(2). Calculate the greatest common divisor of 25 and m.
25
Let r be (-4 + (-7 - 4))/(-1). Let k = r + -1. What is the greatest common divisor of 35 and k?
7
Suppose -4*l = -5*q - 275, 3*l + 3*q = 203 - 17. Let i = l + -46. What is the greatest common divisor of 19 and i?
19
Let d(c) be the first derivative of -c**4/4 + c**3 + c**2/2 + c - 4. Let i be d(2). Suppose 6*y + 38 = i*y. Calculate the highest common factor of y and 57.
19
Suppose 3*b + 71 = 5*x, 4*x + 2*b - 42 = 28. What i